
3600f
In base 12, what is 5 + -84210988?
-84210983
In base 10, what is -87 - 36925?
-37012
In base 2, what is 101000001011101001 - 111101011?
101000000011111110
In base 15, what is -694d0 + a?
-694c5
In base 14, what is -1624766d + 0?
-1624766d
In base 10, what is 23379094 + -25?
23379069
In base 9, what is 2071 - 833881?
-831810
In base 13, what is 178b3360 + -3?
178b335a
In base 10, what is -54107 + 243?
-53864
In base 2, what is 11010 + -1111101000101100000011?
-1111101000101011101001
In base 10, what is 9720916 - 3?
9720913
In base 5, what is -413200 - -41322?
-321323
In base 2, what is 0 + -1100111011101010100110110?
-1100111011101010100110110
In base 13, what is -33 + 168a4?
16871
In base 7, what is 1 - 445354323?
-445354322
In base 8, what is -220324636 - 1?
-220324637
In base 11, what is 12 - -14718?
1472a
In base 6, what is -40 + 5530?
5450
In base 4, what is 13313 - -1133001033?
1133021012
In base 13, what is 1c8768 - -23?
1c878b
In base 7, what is 21 + -521051?
-521030
In base 16, what is -2bdbaa + e0?
-2bdaca
In base 5, what is 1200 + -14030140?
-14023440
In base 11, what is 36 + 49305?
49340
In base 13, what is 3b1 + 4a55?
5136
In base 8, what is -4 + -16622572?
-16622576
In base 6, what is -541353455 + -3?
-541353502
In base 11, what is -1703072 + 1?
-1703071
In base 5, what is 23323241 + -2?
23323234
In base 10, what is -2 - 2271890?
-2271892
In base 11, what is 109 + -7556a?
-75461
In base 4, what is 11 + 32213130?
32213201
In base 5, what is 241011 + -133414?
102042
In base 16, what is -1d + -b6bc16?
-b6bc33
In base 11, what is -52542a80 + -2?
-52542a82
In base 10, what is 3 + 160576431?
160576434
In base 15, what is 6 + -4acb39?
-4acb33
In base 16, what is 19e - -2c0258?
2c03f6
In base 15, what is -14469d2 + b?
-14469c6
In base 4, what is 11 - -1311311200?
1311311211
In base 10, what is -3 - -3818299?
3818296
In base 4, what is -2010331000310 - -1?
-2010331000303
In base 3, what is -11 + 1112020010221112?
1112020010221101
In base 6, what is 135 + 1145022?
1145201
In base 4, what is -10121023230333 - 12?
-10121023231011
In base 2, what is 1 - 10100111101000000111010?
-10100111101000000111001
In base 4, what is -1 - -332010332100?
332010332033
In base 14, what is -36184 - 40?
-361c4
In base 5, what is 1024121041 + 14?
1024121110
In base 14, what is 2 - -355c9c5?
355c9c7
In base 8, what is -1576 + -36207?
-40005
In base 3, what is 10111101 + -20112100112?
-20101212011
In base 7, what is 22 + 156266541?
156266563
In base 9, what is -52700 - -246?
-52443
In base 16, what is 21006be + -2?
21006bc
In base 6, what is -15045 + 22453?
3404
In base 12, what is 566 + 1343?
18a9
In base 6, what is 43 - 131534254?
-131534211
In base 5, what is -21012103133 - -2?
-21012103131
In base 3, what is 222 - -121002120202?
121002121201
In base 3, what is -10211112212021110 + -1?
-10211112212021111
In base 5, what is -1 + -141221411231?
-141221411232
In base 12, what is 546216 + -3?
546213
In base 8, what is 513 + -207475?
-206762
In base 15, what is 3c073b + 2?
3c073d
In base 14, what is c287 + -28?
c25d
In base 6, what is -2054 - -100055?
54001
In base 5, what is -14442132 - 320?
-14443002
In base 14, what is 88154 + -75?
880bd
In base 4, what is 1 - -30223203033?
30223203100
In base 14, what is -b - d421b?
-d4228
In base 3, what is -12 - 1122202221120211?
-1122202221121000
In base 11, what is -627 + -52955?
-53481
In base 12, what is 96373 - 62?
96311
In base 15, what is 1de6 + -18e?
1c57
In base 5, what is -2004204003 + -3?
-2004204011
In base 14, what is 5d59aa + 0?
5d59aa
In base 3, what is 222011222 + -102200?
221202022
In base 14, what is -48 - -a0b1b9?
a0b171
In base 4, what is -11 - -3031131310220?
3031131310203
In base 13, what is 3c92 + 1b?
3cb0
In base 11, what is 23 + 463214?
463237
In base 3, what is 1111020100 + -11220001?
1022100022
In base 9, what is -4837546 - 7?
-4837554
In base 15, what is 0 + -b6be0?
-b6be0
In base 3, what is -1200122202 - 121100120?
-2022000022
In base 13, what is -12 - 52325?
-52337
In base 14, what is -244cc + -192?
-24680
In base 3, what is 2 + 222112102010020?
222112102010022
In base 12, what is 1175 + 1117?
2290
In base 14, what is -141a - 2538c?
-267a8
In base 10, what is 3081430 - -9?
3081439
In base 16, what is -4 + -6f56a6f?
-6f56a73
In base 7, what is -3120031 - 13?
-3120044
In base 10, what is -15700 + -169?
-15869
In base 14, what is -15 + 419499?
419484
In base 14, what is 2b420 + -99?
2b365
In base 5, what is 0 + -1214400130?
-1214400130
In base 15, what is 157552 + -8?
157549
In base 16, what is -549f70 + -1?
-549f71
In base 9, what is 144717 - -501?
145318
In base 7, what is 6542524214 - -5?
6542524222
In base 2, what is 10011010000111 - 1100100110001?
110101010110
In base 13, what is -a8b6 - 2595?
-1017b
In base 11, what is -87475 + 126?
-8734a
In base 11, what is -3229163 + -2a?
-3229192
In base 9, what is 63753858 - 3?
63753855
In base 7, what is 2516163202 + -2?
2516163200
In base 7, what is 1216231 + -1352?
1214546
In base 12, what is aa8739 + 5?
aa8742
In base 7, what is 5 - 20360425?
-20360420
In base 2, what is -100 + 10010101110101111110011?
10010101110101111101111
In base 10, what is -107 + 352723?
352616
In base 16, what is 4bf6 - -9ed5?
eacb
In base 4, what is -12000000013 - -2330?
-11333331023
In base 15, what is beaa - -45e9?
115a4
In base 16, what is -5 + -65c533c?
-65c5341
In base 13, what is -764233b6 + 4?
-764233b2
In base 7, what is -5453 + -60111?
-65564
In base 3, what is -111110110 + -101220?
-111212100
In base 10, what is 12374496 - -90?
12374586
In base 8, what is 47157 - 1116?
46041
In base 3, what is -10012201002020210 - -11?
-10012201002020122
In base 15, what is -2 - -1d12a45?
1d12a43
In base 5, what is -30 - 200422223?
-200422303
In base 16, what is 7 - 9a897c?
-9a8975
In base 15, what is a98 + 3c7?
e70
In base 10, what is 84 - 426959?
-426875
In base 8, what is -221153 - 1657?
-223032
In base 10, what is -384512 + 40?
-384472
In base 5, what is -211401 + -203?
-212104
In base 11, what is a9 + -200a6?
-1aaa8
In base 8, what is -14 - 350157140?
-350157154
In base 14, what is 3 - 86c79c?
-86c799
In base 12, what is 3904b - 3034?
36017
In base 7, what is 2135065 - -42?
2135140
In base 15, what is -b88 - 19c45?
-1a8cd
In base 11, what is -295549 + 9a?
-29545a
In base 13, what is -4 + -1454ac35?
-1454ac39
In base 9, what is 20 - -281801?
281821
In base 14, what is 0 - -13001db7?
13001db7
In base 10, what is 9127 + 222?
9349
In base 10, what is 216 - 56649?
-56433
In base 6, what is -3 - 121451554?
-121452001
In base 13, what is 8002268 + 1?
8002269
In base 8, what is 16000 - 1074?
14704
In base 11, what is 608a42 - 4?
608a39
In base 14, what is -1a75 - 1ccd?
-3964
In base 6, what is -11050 + -14254?
-25344
In base 10, what is 3989 - 5260?
-1271
In base 10, what is -6929623 + -9?
-6929632
In base 11, what is -3 + -19626a4?
-19626a7
In base 11, what is -155 - 6387?
-6531
In base 7, what is 6 - -3056212153?
3056212162
In base 9, what is -125 + -1838525?
-1838651
In base 13, what is 48860 + 17?
48877
In base 11, what is 6a71499 - -42?
6a71530
In base 16, what is 132ec + -1fad?
1133f
In base 2, what is 11100010110001 - -100110110001?
100001001100010
In base 6, what is 2005521544 + -5?
2005521535
In base 15, what is -5712 + -68?
-577a
In base 5, what is 4432141401 - -1?
4432141402
In base 10, what is -3 - -8644877?
8644874
In base 4, what is 20301313011 - -3?
20301313020
In base 15, what is 7a8d + -24a?
7843
In base 9, what is 18 + -33034886?
-33034867
In base 4, what is 311230300002002 + -2?
311230300002000
In base 4, what is -1221 + -133123033?
-133130320
In base 14, what is 4c0b7 + 4?
4c0bb
In base 11, what is 517529a7a - 3?
517529a77
In base 16, what is f2 - 13ec9?
-13dd7
In base 3, what is -11021 + 2020101210220?
2020101122122
In base 11, what is 13 + 1062955?
1062968
In base 10, what is 33886851 + -2?
33886849
In base 2, what is -100011111 + 100011101001110?
100011000101111
In base 10, what is 575937 - -774?
576711
In base 15, what is 2574a09 + 1?
2574a0a
In base 7, what is 2651 - -4500?
10451
In base 3, what is 21110002210 - 20120100?
21012112110
In base 8, what is 34103 - -10455?
44560
In base 8, what is -65 + 257505?
257420
In base 6, what is -14 - 4052132?
-405